p*s = o + 16. Suppose -h - 4*h = -l + 88, -s*l = -3*h - 335. List the prime factors of l.
83
Suppose -5*w - 3*k = -5*k + 22, 2*w + k + 7 = 0. Let p = w - -66. Let f = p - 22. List the prime factors of f.
2, 5
Suppose -145*a + 12 = -142*a. Suppose 6*n - 4 = a*n, -4*k + 1510 = n. List the prime factors of k.
13, 29
Let g be (4 - -2 - 4)*7. What are the prime factors of (g/((-84)/18))/(6/(-194))?
97
Let u(i) = -22*i + 15*i - 12 - 43*i + 15*i**2 + 5. What are the prime factors of u(6)?
233
Suppose 0 = 179*o - 197252 - 3506795. List the prime factors of o.
20693
Suppose 0 = -5*p - 2*r + 31189, -3*p = -261*r + 264*r - 18717. List the prime factors of p.
3, 7, 11
Let p = -907 - -1593. Suppose -2*o = 48*k - 44*k - 1324, 4*k = o - p. List the prime factors of o.
2, 5, 67
Let w(f) = -6*f + 24 + 9*f**2 - 831*f**3 + 417*f**3 + 418*f**3. List the prime factors of w(7).
5, 359
Suppose -10*b - 59 = -79. Suppose 3*i = -q + 1119, 8*q + b*i = 11*q - 3346. List the prime factors of q.
2, 3, 31
Let s(w) be the first derivative of -5*w**2/2 + 311*w + 39. What are the prime factors of s(0)?
311
Suppose 6*v + 1528 = 250. Let o = 333 + v. Suppose 36*g - 40*g + o = 0. What are the prime factors of g?
2, 3, 5
Let b(r) = r**2 + 6*r - 1. Let h(s) = 5*s**2 + 31*s - 6. Let m(x) = -11*b(x) + 2*h(x). Let v be m(-3). Suppose -c = -v*c + 52. What are the prime factors of c?
2, 13
Suppose 9 = -38*a + 35*a. Let q be a + 4 + 62 + 3. Suppose -q = -m - 0*m - 3*v, 5*m - 3*v = 294. What are the prime factors of m?
2, 3, 5
Let k(x) = 270*x**2 + 388*x + 7126. List the prime factors of k(-18).
2, 193, 227
Suppose -35*m + 0*m = -15*m - 117100. What are the prime factors of m?
5, 1171
Suppose -2*y - 39 = 5*g - 17480, y - 4*g = 8740. List the prime factors of y.
2, 1091
Suppose -48*b + 49*b - 4*k = 44977, -44986 = -b + 3*k. List the prime factors of b.
45013
What are the prime factors of ((-14514)/(-8))/(1199/132 - (-2 + 11))?
3, 41, 59
Suppose -130*u + 126*u = -3*n + 27799, -3*u = 5*n - 46293. List the prime factors of n.
3, 7
Suppose -4*y + 8 - 2 = 5*k, -4*y + 2*k + 20 = 0. Suppose -y*g = -2193 + 829. List the prime factors of g.
11, 31
Let o(s) = 8605*s + 1803. What are the prime factors of o(6)?
3, 1979
Let g = -87 - -90. Suppose -3*z - 21 = g*f + 276, -4*f - 208 = 2*z. List the prime factors of 5*(-3)/6*z/5.
47
Let l = -167 - -182. Suppose -5*w + 4*w + 5*q = -378, -5*q = -l. What are the prime factors of w?
3, 131
Let f(t) = -t**3 - 24*t**2 - 45*t - 29. Suppose 41 = -4*w - 47. Let v be f(w). List the prime factors of (v/((-21)/(-20)))/((-8)/84).
2, 5, 7
Let x(r) = 39*r + 25. Let s be x(17). Suppose w - 4035 = -3*p, -p = 4*w - s - 668. What are the prime factors of p?
2, 3, 7
Suppose 0 = 5*a - 2*a + x - 202, x = -a + 66. Suppose -3*g = 4*c - 2*c + 84, -4*c - 216 = -2*g. Let p = a - c. List the prime factors of p.
7, 17
Suppose -5*n + 503 = 4*v, -4*n + 400 = -5*v + 9*v. Let h = n + 616. What are the prime factors of h?
719
Suppose 3*a - v - 60148 = 0, -5*a + 100256 = 2516*v - 2519*v. List the prime factors of a.
20047
Suppose 0 = -697*f + 19220529 + 10919842. What are the prime factors of f?
83, 521
Let g be (-1798)/(-9) + (-8)/(-36). List the prime factors of 300/g - (-2 + 1655/(-2)).
3, 277
Let c = -28 - 38. Let f be (-2 - (-15)/9)/(2/c). Suppose 5*t + f = 851. What are the prime factors of t?
2, 3, 7
Let m be 735/(-10) - (-1)/(-2). Let v = 113 + m. Suppose -261 = -4*h + v. What are the prime factors of h?
3, 5
Suppose 3*i = -7 + 1, -5*b + 3*i + 25111 = 0. What are the prime factors of b?
5021
Suppose -8*c - 3*c = -12*c + 28746. What are the prime factors of c?
2, 3, 1597
Let l(c) = -c**2 - 7*c + 25. Let z be l(-6). Suppose 0 = -y + 2*a + 987, 32*y - z*y = -a + 990. What are the prime factors of y?
23, 43
Let w = 57 + -35. Let k(i) = -i**2 + 13*i. Let a be k(10). List the prime factors of (-3 + w/6)*a.
2, 5
What are the prime factors of (1*13)/(-16*(-22)/164384)?
13, 467
Let w = 345 - 365. What are the prime factors of 2 - w/(-5)*-8?
2, 17
Let r(f) = 4*f**2 - f - 1. Let d be r(-3). Suppose -4*i + d = -42. What are the prime factors of -14 - -16 - i/(-1)?
2, 11
Suppose 34*s + 77832 = 779927 + 246947. What are the prime factors of s?
103, 271
Let p(r) = -r**3 + 22*r**2 - 28*r - 44. Let q = -67 + 86. What are the prime factors of p(q)?
3, 13
Suppose -3*s - 265*b + 261*b + 151862 = 0, -151858 = -3*s - 2*b. List the prime factors of s.
2, 25309
Suppose 576 = -53*b + 57*b + 5*y, 2*b - 4*y = 314. List the prime factors of b.
149
What are the prime factors of (-3 + 62742)*150/450?
3, 6971
Suppose -2*k + v = -10057, 13*k - 10052 = 11*k - 4*v. List the prime factors of k.
2, 3, 419
Let c = 98 - 93. Suppose -3*l = -5*k + 1356, 0*l + 1070 = 4*k + c*l. List the prime factors of k.
2, 3, 5
Suppose -452004 = 94*w - 108*w. What are the prime factors of w?
2, 3, 5381
What are the prime factors of (-271650)/(-63) - (2 + 704/(-336))?
2, 7, 11
Let n be 122 - 0 - (-10)/(-10). Suppose 103 = h - n. What are the prime factors of h?
2, 7
Let i(y) = 4*y - 4. Let c be i(4). Let o be (-18)/6 + 0 + 72. What are the prime factors of o/c*(1 + 15)?
2, 23
Suppose 0 = -5*u + 219 + 341. Let m = u + -81. Let f = 216 - m. List the prime factors of f.
5, 37
Let l be (174/21)/(12/42). Suppose l*o = 183 + 3616. What are the prime factors of o?
131
Let c(m) = 2*m**2 - 23*m - 20. Let t be 51/(-6) + 6/(-4). What are the prime factors of c(t)?
2, 5, 41
Let o be -3*24/9 + 2. List the prime factors of (0 - 116/(-3))/(o/(-27)).
2, 3, 29
Suppose -5 = -2*g + 1, -6100 = -4*u + 4*g. Let r = u - 912. List the prime factors of r.
2, 7, 11
What are the prime factors of (9537/5)/((-630)/(-2100))?
2, 11, 17
Suppose 0 = 19*a - 6404 - 23046. List the prime factors of a.
2, 5, 31
Suppose -134033 = -16*i - 9542 + 78725. List the prime factors of i.
13, 977
Let z(r) = 6*r**2 + 4*r - 11. Let w(a) = 5*a**2 + 5*a - 9. Let u(p) = 3*w(p) - 2*z(p). Suppose -2*t - 11 = 3. What are the prime factors of u(t)?
3, 31
Suppose -15*l - 15*l - 2430 = 0. Let q = l - -153. What are the prime factors of q?
2, 3
Suppose -60757*c - 63090 = -60772*c. What are the prime factors of c?
2, 3, 701
Let k be -1*(5 + (-24)/1). What are the prime factors of -2 + k*(35 + -3)?
2, 3, 101
Let g be (-1 - 55/(-20))/(5/20). Suppose -g*a + 22110 = 23*a. What are the prime factors of a?
11, 67
Suppose 8851 = 8*r + 1571. Suppose 8*q - 9*q = -r. Suppose -4*b - 9*b = -q. List the prime factors of b.
2, 5, 7
Suppose 594039 = 35*l - 108131. List the prime factors of l.
2, 7, 1433
Suppose 5043 = 150*a - 147*a. Let u = a - 879. List the prime factors of u.
2, 401
Suppose -134*p - 69254 = -4*y - 133*p, -4*y = 4*p - 69244. What are the prime factors of y?
3, 29, 199
Let v be (-2)/((4/(-6))/((-55240)/12)). List the prime factors of 1 + v/(-25) - 14/35.
7, 79
Let a(h) = 87*h**2 - 38*h + 337. List the prime factors of a(10).
11, 787
Let k = 24832 - 106. List the prime factors of k.
2, 3, 13, 317
Let a be (51 - (4 - -9))/((-4)/(-250)). Let r = -1582 + a. What are the prime factors of r?
13, 61
Let o = 41289 + -23944. List the prime factors of o/65 - (-2)/13.
3, 89
Let l = -13074 + 20310. List the prime factors of l.
2, 3, 67
Let q be 10 + (-7 - -10) + -9. Suppose -2*y = -q*a - 286 + 88, -y - 4*a + 99 = 0. What are the prime factors of y?
3, 11
Suppose -5*a - 1561 = -6*a. Suppose -a = 7*p - 14*p. What are the prime factors of p?
223
Let l(b) = 596*b - 648. What are the prime factors of l(5)?
2, 11, 53
Let j(b) = -18*b**3 - b**2 - 39*b + 1. What are the prime factors of j(-6)?
61, 67
Let x(a) be the first derivative of a**4/4 - 8*a**3 + 53*a**2/2 - 11*a + 2. Let k(g) = g**3 - 8*g**2 - 42*g - 5. Let s be k(-3). List the prime factors of x(s).
11, 17
Let g(l) = -l**2 - l. Let i be g(-3). Let h be ((-3)/i*-13)/((-7)/168). Suppose z + 2*z = -12, -4*x - z = -h. What are the prime factors of x?
2, 5
Suppose 0 = -4*m - 3*c + 6251, -4*c - 1316 = -m + 223. What are the prime factors of m?
1559
Let z = -127 + 131. Suppose 4 = 8*n - z. List the prime factors of 4*20 - (-5 + n + 0).
2, 3, 7
What are the prime factors of (-3)/2 + 8969742/764?
3, 7, 13, 43
Let l(k) = -16*k - 1. Let h(j) = -16*j - 16 + 27 - 12. Let z(o) = 5*h(o) - 4*l(o). List the prime factors of z(-3).
47
Suppose 445276 = 106*j - 5850700.